-- phpMyAdmin SQL Dump
-- version 5.2.3
-- https://www.phpmyadmin.net/
--
-- Hôte : localhost:8889
-- Généré le : lun. 23 fév. 2026 à 08:51
-- Version du serveur : 8.0.44
-- Version de PHP : 8.3.28

SET SQL_MODE = "NO_AUTO_VALUE_ON_ZERO";
START TRANSACTION;
SET time_zone = "+00:00";


/*!40101 SET @OLD_CHARACTER_SET_CLIENT=@@CHARACTER_SET_CLIENT */;
/*!40101 SET @OLD_CHARACTER_SET_RESULTS=@@CHARACTER_SET_RESULTS */;
/*!40101 SET @OLD_COLLATION_CONNECTION=@@COLLATION_CONNECTION */;
/*!40101 SET NAMES utf8mb4 */;

--
-- Base de données : `interro`
--

-- --------------------------------------------------------

--
-- Structure de la table `etudiants`
--

CREATE TABLE `etudiants` (
  `IdEtudiant` int NOT NULL,
  `Nom` text NOT NULL,
  `Prenom` text NOT NULL,
  `DateNaiss` text NOT NULL,
  `Ville` text NOT NULL,
  `id_formation` char(6) NOT NULL
) ENGINE=InnoDB DEFAULT CHARSET=utf8 COLLATE=utf8_general_ci;

--
-- Déchargement des données de la table `etudiants`
--

INSERT INTO `etudiants` (`IdEtudiant`, `Nom`, `Prenom`, `DateNaiss`, `Ville`, `id_formation`) VALUES
(1, 'Martin', 'Alice', '2001-03-15', 'Lyon', 'M2INFO'),
(2, 'Moreau', 'Baptiste', '2000-07-22', 'Paris', 'M2INFO'),
(3, 'Dupont', 'Claire', '2002-11-08', 'Toulouse', 'L3INFO'),
(4, 'Dubois', 'David', '2001-05-30', 'Bordeaux', 'L3INFO'),
(5, 'Petit', 'Emma', '2003-01-17', 'Lyon', 'M2INFO'),
(6, 'Lefebvre', 'Florian', '2000-09-04', 'Nantes', 'L3INFO'),
(7, 'Bernard', 'Gabriel', '2002-04-25', 'Paris', 'L3INFO'),
(8, 'Thomas', 'Hélène', '2001-12-11', 'Toulouse', 'M2INFO'),
(9, 'Robert', 'Inès', '2003-06-19', 'Lyon', 'M1MATH'),
(10, 'Richard', 'Julien', '2000-02-28', 'Bordeaux', 'M1MATH'),
(11, 'Simon', 'Karine', '2002-08-13', 'Paris', 'M2INFO'),
(12, 'Laurent', 'Luc', '2001-10-07', 'Nantes', 'L3INFO'),
(13, 'Michel', 'Marie', '2003-03-21', 'Toulouse', 'L3ECOG'),
(14, 'Garcia', 'Nicolas', '2000-11-16', 'Lyon', 'M2INFO'),
(15, 'David', 'Océane', '2002-05-09', 'Paris', 'M1ECOS'),
(16, 'Bertrand', 'Pierre', '2001-07-03', 'Bordeaux', 'M1MATH'),
(17, 'Roux', 'Quentin', '2003-09-27', 'Nantes', 'L3INFO'),
(18, 'Vincent', 'Rachel', '2000-04-14', 'Lyon', 'M1ECOS'),
(19, 'Fournier', 'Samuel', '2002-01-31', 'Paris', 'M2INFO'),
(20, 'Morel', 'Théa', '2001-06-18', 'Toulouse', 'L2ECOG'),
(21, 'Girard', 'Ugo', '2003-02-05', 'Bordeaux', 'L2ECOG'),
(22, 'Andre', 'Valeria', '2000-12-23', 'Nantes', 'M1ECOS'),
(23, 'Leroy', 'William', '2002-07-10', 'Lyon', 'M1MATH'),
(24, 'Rousseau', 'Xavier', '2001-04-02', 'Paris', 'L3INFO'),
(25, 'Blanc', 'Yasmine', '2003-08-29', 'Toulouse', 'M1MATH'),
(26, 'Guerin', 'Zoé', '2000-03-17', 'Bordeaux', 'M2INFO'),
(27, 'Faure', 'Antoine', '2002-10-24', 'Nantes', 'L3INFO'),
(28, 'Lacaux', 'Béatrice', '2001-01-08', 'Lyon', 'M1MATH'),
(29, 'Chevalier', 'Cédric', '2003-05-15', 'Paris', 'L3INFO'),
(30, 'Fernandez', 'Diana', '2000-08-01', 'Toulouse', 'L3ECOG');

-- --------------------------------------------------------

--
-- Structure de la table `formations`
--

CREATE TABLE `formations` (
  `id_formation` char(6) NOT NULL,
  `nom_formation` varchar(50) DEFAULT NULL
) ENGINE=InnoDB DEFAULT CHARSET=utf8 COLLATE=utf8_general_ci;

--
-- Déchargement des données de la table `formations`
--

INSERT INTO `formations` (`id_formation`, `nom_formation`) VALUES
('L2ECOG', 'Licence 2 Economie Gestion'),
('L3ECOG', 'Licence 3 Economie Gestion'),
('L3INFO', 'Licence 3 Informatique'),
('M1ECOS', 'Master 1 Economie Statistiques'),
('M1MATH', 'Master 1 Mathématiques'),
('M2INFO', 'Master 2 Informatique');

-- --------------------------------------------------------

--
-- Structure de la table `projets`
--

CREATE TABLE `projets` (
  `IdProjet` int NOT NULL,
  `NomProjet` text NOT NULL,
  `Domaine` text NOT NULL,
  `Encadrant` text NOT NULL,
  `DateDebut` text NOT NULL
) ENGINE=InnoDB DEFAULT CHARSET=utf8 COLLATE=utf8_general_ci;

--
-- Déchargement des données de la table `projets`
--

INSERT INTO `projets` (`IdProjet`, `NomProjet`, `Domaine`, `Encadrant`, `DateDebut`) VALUES
(1, 'DataMining', 'Intelligence Artificielle', 'Dupont', '2024-01-10'),
(2, 'WebApp', 'Web', 'Martin', '2024-02-05'),
(3, 'AlgoTri', 'Informatique', 'Lefebvre', '2024-02-15'),
(4, 'CyberSec', 'Sécurité', 'Gaubi', '2024-01-20'),
(5, 'SQLPro', 'Base de données', 'Tachat', '2024-03-01'),
(6, 'DeepLearnFin', 'Economie', 'Lacaus', '2024-03-12'),
(7, 'NetConfig', 'Réseaux', 'Isba', '2024-01-08'),
(8, 'MathModel', 'Mathématiques', 'Leroy', '2024-04-02'),
(9, 'AppMobile', 'Web', 'Martin', '2024-02-20'),
(10, 'Cryptoactif', 'Economie', 'Lacaus', '2024-04-15'),
(11, 'BigData', 'Intelligence Artificielle', 'Dupont', '2024-01-25'),
(12, 'CloudNet', 'Réseaux', 'Isba', '2024-03-18'),
(13, 'OptimSQL', 'Base de données', 'Tachat', '2024-05-05'),
(14, 'RobotIA', 'Intelligence Artificielle', 'Colin', '2024-02-28'),
(15, 'VulnScan', 'Sécurité', 'Gaubi', '2024-05-10'),
(16, 'AlgebreLineaire', 'Mathématiques', 'Leroy', '2024-01-15'),
(17, 'APIRest', 'Web', 'Martin', '2024-03-25'),
(18, 'DataVizSoc', 'Economie\r\n', 'Lacaus', '2024-04-08'),
(19, 'SysEmbarque', 'Informatique', 'Arnaud', '2024-05-20'),
(20, 'PenTest', 'Sécurité', 'Gaubi', '2024-03-05');

-- --------------------------------------------------------

--
-- Structure de la table `proj_etud`
--

CREATE TABLE `proj_etud` (
  `IdProjet` int NOT NULL,
  `IdEtudiant` int NOT NULL,
  `Note` double DEFAULT NULL
) ENGINE=InnoDB DEFAULT CHARSET=utf8 COLLATE=utf8_general_ci;

--
-- Déchargement des données de la table `proj_etud`
--

INSERT INTO `proj_etud` (`IdProjet`, `IdEtudiant`, `Note`) VALUES
(1, 1, 16.5),
(1, 2, 14),
(1, 5, 12.5),
(1, 11, 17),
(2, 3, 13),
(2, 7, 15.5),
(2, 15, 11),
(3, 4, 14.5),
(3, 6, 18),
(3, 10, 13.5),
(4, 8, 15),
(4, 14, 16),
(4, 20, 9.5),
(5, 9, 17.5),
(5, 13, 14),
(5, 24, 12),
(6, 1, 18.5),
(6, 19, 15),
(6, 25, 13),
(7, 12, 11.5),
(7, 17, 14),
(7, 22, 16.5),
(8, 16, 15),
(8, 23, 17),
(8, 28, 13.5),
(9, 3, 16),
(9, 7, 14.5),
(9, 29, 12.5),
(10, 8, 18),
(10, 21, 11),
(10, 26, 15.5),
(11, 2, 13),
(11, 11, 16),
(11, 30, 14.5),
(12, 12, 15.5),
(12, 18, 12),
(12, 27, 17),
(13, 4, 16.5),
(13, 9, 15),
(13, 13, 11.5),
(14, 5, 14),
(14, 19, 17.5),
(14, 25, 13),
(15, 14, 15),
(15, 20, 10),
(15, 26, 16),
(16, 16, 12.5),
(16, 23, 18.5),
(16, 28, 14),
(17, 15, 13.5),
(17, 24, 16),
(17, 29, 15),
(18, 10, 14),
(18, 22, 12.5),
(18, 30, 17),
(19, 6, 15.5),
(19, 17, 13),
(19, 21, 11.5),
(20, 8, 14.5),
(20, 14, 17),
(20, 27, 12);

--
-- Index pour les tables déchargées
--

--
-- Index pour la table `etudiants`
--
ALTER TABLE `etudiants`
  ADD PRIMARY KEY (`IdEtudiant`),
  ADD KEY `id_formation` (`id_formation`);

--
-- Index pour la table `formations`
--
ALTER TABLE `formations`
  ADD PRIMARY KEY (`id_formation`);

--
-- Index pour la table `projets`
--
ALTER TABLE `projets`
  ADD PRIMARY KEY (`IdProjet`);

--
-- Index pour la table `proj_etud`
--
ALTER TABLE `proj_etud`
  ADD PRIMARY KEY (`IdProjet`,`IdEtudiant`),
  ADD KEY `IdEtudiant` (`IdEtudiant`);

--
-- Contraintes pour les tables déchargées
--

--
-- Contraintes pour la table `etudiants`
--
ALTER TABLE `etudiants`
  ADD CONSTRAINT `etudiants_ibfk_1` FOREIGN KEY (`id_formation`) REFERENCES `formations` (`id_formation`);

--
-- Contraintes pour la table `proj_etud`
--
ALTER TABLE `proj_etud`
  ADD CONSTRAINT `proj_etud_ibfk_1` FOREIGN KEY (`IdProjet`) REFERENCES `projets` (`IdProjet`),
  ADD CONSTRAINT `proj_etud_ibfk_2` FOREIGN KEY (`IdEtudiant`) REFERENCES `etudiants` (`IdEtudiant`);
COMMIT;

/*!40101 SET CHARACTER_SET_CLIENT=@OLD_CHARACTER_SET_CLIENT */;
/*!40101 SET CHARACTER_SET_RESULTS=@OLD_CHARACTER_SET_RESULTS */;
/*!40101 SET COLLATION_CONNECTION=@OLD_COLLATION_CONNECTION */;
